2*g**2 + 9*g + 18. What is x(13)?
-34
Let c(p) = -2*p**3 - 14*p**2 + 27*p + 9. Give c(2).
-9
Let s(r) = -r + 54. Calculate s(4).
50
Let f(r) = r - 26. Calculate f(-9).
-35
Let y(r) = -r**2 + r - 3. Give y(-2).
-9
Let v(p) = p**3 - p**2 - 18*p + 1. Determine v(5).
11
Let u(j) = j**2 + 14*j - 11. Give u(-14).
-11
Let h(f) = -2*f - 1. Calculate h(-3).
5
Let d(u) = -23*u + 16. Calculate d(4).
-76
Let d(z) = z + 10. What is d(7)?
17
Let r(a) = -a**3 + 25*a**2 + 26*a - 3. Determine r(26).
-3
Let n(q) = q**3 - 13*q**2 - 30*q + 9. Determine n(15).
9
Let a(v) = 6*v - 15. Give a(7).
27
Let a(j) = j**3 - 8*j**2 - 8*j - 5. Calculate a(9).
4
Let v(u) = -3*u**2 - 2*u + 9. Determine v(3).
-24
Let s(a) = -a**3 + 3*a**2 + 2*a + 17. What is s(4)?
9
Let f(l) = -l**3 + 3*l**2 + 7*l + 8. Determine f(-3).
41
Let i(m) = 14*m - 1. Calculate i(5).
69
Let f(i) = 2*i - 37. Calculate f(21).
5
Let k(p) = -p**3 - 5*p**2 + 5*p - 8. What is k(-6)?
-2
Let x(v) = -9*v + 60. Give x(10).
-30
Let r(w) = w**3 + 35*w**2 - 75*w - 43. Determine r(-37).
-6
Let s(y) = -5*y + 79. Calculate s(0).
79
Let d(a) = -5*a - 27. Give d(-7).
8
Let j(i) = 5*i - 20. Determine j(3).
-5
Let o(h) = -51*h + 151. What is o(3)?
-2
Let q(j) = j**3 + j - 86. Give q(0).
-86
Let s(m) = -5*m - 9. What is s(-11)?
46
Let f(l) = l**3 + 10*l**2 + 5*l - 32. Give f(-9).
4
Let l(m) = m**3 + 14*m**2 + 12*m - 13. What is l(-13)?
0
Let i(g) = -3*g - 11. Calculate i(-3).
-2
Let p(i) = i - 13. Determine p(-5).
-18
Let f(j) = -j**3 - 19*j**2 + 21*j + 3. Give f(-20).
-17
Let p(c) = -2*c - 11. Calculate p(0).
-11
Let k(a) = 2*a**3 + 2*a + 2. What is k(3)?
62
Let x(a) = -3*a + 4. Determine x(-4).
16
Let n(j) = j**3 - 10*j**2 - 11*j + 4. Determine n(11).
4
Let s(d) = 2*d**3 + 10*d**2 + 4*d + 6. What is s(-4)?
22
Let y(a) = -2*a**2 - a + 3. Calculate y(1).
0
Let q(y) = y**2 + 3*y - 9. Determine q(-8).
31
Let w(s) = -s**2 - s. What is w(4)?
-20
Let b(r) = -2*r**3 + 3*r**2 + 4*r + 3. Calculate b(4).
-61
Let q(z) = -7*z**3 - 2*z**2 + z + 2. Calculate q(-1).
6
Let b(z) = z**3 - 11*z**2 + 23*z - 8. Calculate b(9).
37
Let x(b) = -3*b + 46. Give x(23).
-23
Let t(i) = i**2 + 5*i - 46. Give t(9).
80
Let v(b) = 6*b - 54. Calculate v(26).
102
Let c(v) = -v**3 + 19*v**2 + 20*v - 2. Determine c(20).
-2
Let y(a) = 30*a**2 - 2*a + 3. Give y(1).
31
Let k(z) = -z**2 - 10*z + 2. What is k(-11)?
-9
Let w(g) = g**2 - 13*g - 18. Calculate w(14).
-4
Let s(t) = 2*t + 10. Determine s(5).
20
Let t(j) = 3*j - 43. Calculate t(11).
-10
Let c(u) = 14*u - 32. Calculate c(-4).
-88
Let o(r) = -r**2 - 7*r + 13. Calculate o(-8).
5
Let u(z) = z**3 + 11*z**2 + 15*z - 16. Give u(-9).
11
Let s(n) = -2*n**3 + n**2 + 3*n. Calculate s(-2).
14
Let k(s) = 3*s**3 - 14*s**2 - 22*s - 8. Give k(6).
4
Let z(p) = 3*p**3 - 3*p**2 + p - 3. What is z(3)?
54
Let f(n) = 3*n + 23. What is f(-4)?
11
Let j(o) = -10*o + 38. Calculate j(4).
-2
Let f(i) = 2*i**2 - 25*i + 33. Give f(16).
145
Let y(u) = 6*u**3. Give y(-1).
-6
Let p(i) = -3*i + 31. Give p(14).
-11
Let k(a) = -9*a**3. Calculate k(-1).
9
Let z(g) = g**3 + 14*g**2 + 23*g - 12. Determine z(-12).
0
Let o(m) = m**2 - 12*m - 17. What is o(13)?
-4
Let w(p) = -p - 3. Give w(-1).
-2
Let i(q) = -4*q**3 - q**2 + 4*q + 3. Determine i(-3).
90
Let l(z) = -z. Determine l(22).
-22
Let k(u) = 58*u - 464. What is k(8)?
0
Let b(v) = -2*v**2 - 12*v + 13. Determine b(-9).
-41
Let s(h) = 3*h**3 + 4*h**2 - h - 3. Determine s(-3).
-45
Let h(m) = 2*m + 49. Give h(4).
57
Let f(l) = -7*l - 36. Determine f(-11).
41
Let j(w) = w**2 + 27*w - 24. What is j(-29)?
34
Let z(x) = -7*x**2 + 4. What is z(-2)?
-24
Let w(v) = 3*v**3 + 4*v - 2. What is w(2)?
30
Let x(l) = -l**3 + 35*l**2 - 69*l + 90. Calculate x(33).
-9
Let l(x) = -2*x**2 - 11*x + 27. Determine l(-8).
-13
Let n(i) = i**3 + i**2 - 3*i - 4. What is n(-1)?
-1
Let i(r) = -r**2 + 6*r - 2. Determine i(6).
-2
Let m(o) = -17*o - 4. Calculate m(-4).
64
Let r(l) = -39*l**3 - l. Calculate r(-1).
40
Let i(o) = 23*o + 394. Give i(-17).
3
Let s(d) = 6*d**2 - 23*d - 4. What is s(-3)?
119
Let l(w) = w**2 - 7. What is l(-3)?
2
Let b(y) = -8*y + 35. What is b(4)?
3
Let u(f) = 2*f**2 - f - 1. Determine u(-2).
9
Let z(k) = -19*k**2 + k - 1. Determine z(1).
-19
Let q(t) = 5*t**2 - 4*t - 10. Determine q(-2).
18
Let n(m) = m**3 - 7*m**2 - 3*m - 11. Calculate n(8).
29
Let b(a) = -9*a + 5. Calculate b(-7).
68
Let g(d) = -50*d + 857. Calculate g(17).
7
Let c(v) = -2*v**2 - 9*v + 19. What is c(-6)?
1
Let a(q) = q**3 + 6*q**2 + 4*q + 3. Calculate a(-2).
11
Let u(r) = -r - 6. What is u(-6)?
0
Let x(f) = -10*f + 58. What is x(6)?
-2
Let s(x) = x**2 - 5*x + 10. Determine s(4).
6
Let i(z) = -z**3 + 9*z**2 - 9*z - 9. Determine i(7).
26
Let f(q) = 8*q**3 - 2*q**2 + q - 1. Give f(2).
57
Let b(c) = -5*c**2 + 1. Calculate b(-1).
-4
Let a(s) = s**3 - 13*s**2 - 30*s - 4. Give a(15).
-4
Let k(o) = o**3 - 7*o**2 - 28*o + 15. What is k(10)?
35
Let g(x) = 2*x - 5. Calculate g(-1).
-7
Let u(c) = -8*c**3 - 2*c**2 - 3*c - 2. Calculate u(-1).
7
Let b(c) = -5*c**2 - 8*c - 8. What is b(-4)?
-56
Let b(z) = -z**3 - 4*z**2 - 7*z - 6. What is b(-5)?
54
Let o(f) = 10*f**2 - 4*f + 4. Give o(-3).
106
Let l(j) = -j**2 - j + 19. Determine l(5).
-11
Let t(d) = -3*d**2 - 3*d + 1. Calculate t(-3).
-17
Let k(u) = 6*u + 60. Determine k(-10).
0
Let r(k) = -11*k + 47. Determine r(4).
3
Let v(n) = -n**3 - 6*n**2 + 7*n - 7. Calculate v(-7).
-7
Let y(c) = -c**3 - 5*c**2 + 23*c - 7. Determine y(3).
-10
Let c(y) = -y**2 - 10*y + 22. Calculate c(-7).
43
Let m(l) = l**3 - 5*l**2 - 7. Calculate m(5).
-7
Let d(i) = i - 2. Give d(2).
0
Let d(y) = -4*y**2 - 19*y - 29. Determine d(-4).
-17
Let s(m) = -45*m - 3. Calculate s(-1).
42
Let n(m) = m**2 - 15*m - 53. What is n(18)?
1
Let k(b) = b**3 - 3*b**2 + 3*b + 5. Determine k(4).
33
Let c(q) = -3*q + 57. What is c(16)?
9
Let l(t) = t**3 + 23*t**2 + 2*t + 34. Calculate l(-23).
-12
Let j(v) = -2*v**3 + 20*v**2 - 18*v + 9. Give j(9).
9
Let u(l) = 2*l**2 - 11*l - 13. Calculate u(6).
-7
Let f(x) = -x**3 - 5*x**2 + 14*x + 11. Calculate f(-7).
11
Let t(f) = 5*f**2 - 47*f + 37. Determine t(9).
19
Let p(k) = -3*k**2 + 8*k - 13. Determine p(2).
-9
Let r(v) = 3*v + 11. Calculate r(-4).
-1
Let z(g) = -2*g - 30. Determine z(0).
-30
Let b(z) = 33*z - 15. Calculate b(-7).
-246
Let p(j) = -j**3 - 3*j**2 + 6*j + 7. Calculate p(-4).
-1
Let m(v) = v - 14. What is m(11)?
-3
Let x(v) = v**3 + 3*v**2 - 5*v - 6. Determine x(-3).
9
Let n(y) = 78*y + 307. Determine n(-4).
-5
Let c(d) = d**2 + 57*d + 2. Calculate c(0).
2
Let n(s) = 20*s**2 - s + 1. Give n(1).
20
Let k(r) = -8*r + 31. Give k(4).
-1
Let x(t) = -8*t - 28. Calculate x(-4).
4
Let h(p) = -p + 1. What is h(6)?
-5
Let v(z) = 3*z**3 + 3*z**2 + z + 2. Determine v(-2).
-12
Let j(z) = -z**2 + 18*z + 2. Give j(4).
58
Let o(l) = 19*l + 191. Calculate o(-10).
1
Let s(u) = u**3 - 44*u**2 + 197*u - 78. Give s(39).
0
Let u(g) = 2*g**3 - 2*g**2 - g + 3. Give u(2).
9
Let a(m) = m - 7. Give a(0).
-7
Let r(f) = f**2 + 4*f + 1. Determine r(-6).
13
Let d(z) = z**3 - 9*z**2 + 11. Calculate d(9).
11
Let z(n) = 12*n**3 + 3*n**2 + n - 1. Determine z(-1).
-11
Let h(a) = a**3 + 3*a**2 - 13*a - 12. Calculate h(-5).
3
Let i(a) = -a**3 + 7*a**2 + a + 4. Calculate i(7).
11
Let p(k) = -2*k**2 - 3*k + 29. What is p(4)?
-15
Let h(j) = -7*j + 1. Give h(1).
-6
Let i(v) = -v**3 + 55*v**2 + 118*v - 231. Determine i(57).
-3
Let b(f) = -5*f**2 - f + 5. Determine b(-2).
-13
Let f(j) = -j**3 + 8*j**2 + 9*j - 21. Calculate f(9).
-21
Let o(x) = x**2 + 17*x - 175. What is o(7)?
-7
Let n(a) = -5*a**2 + 7*a + 1. Determine n(3).
-23
Let h(q) = 2*q**2 - 2*q - 7. Calculate h(-3).
17
Let n(a) = -2*a + 45. Give n(29).
-13
Let t(q) = -17*q - 128. Give t(-5).
-43
Let i(k) = 9*k - 1. Give i(2).
17
Let u(q) = q**3 - 9*q**2 + 19*q + 2. Calculate u(6).
8
Let s(d) = 3*d**2 - 27*d - 200. Determine s(14).
10
Let b(a) = -a**3 - 7*a**2 - 2*a - 8. Determine b(-7).
6
Let g(c) = -22*c - 27. Calculate g(-8).
149
Let a(w) = -22*w**2 - w - 1. Determine a(-1).
-22
Let x(v) = -61*v**3 + 2*v**2 - 1. Calculate x(-1).
62
Let z(p) = 31*p + 25. Calculate z(0).
25
Let c(z) = -2*z + 4. Give c(7).
-10
Let l(o) = o**3 + 4*o**2 + 3*o + 6. Give l(-4).
-6
Let t(i) = -6*i - 14. Give t(14).
-98
Let d(g) = -5*g**2 + 2*g - 1. What is d(-2)?
-25
Let p(g) = -g**2 - 7*